 y and d.
2
Suppose -7*k - h = -12*k + 1362, 2*k - 2*h = 548. What is the highest common divisor of k and 16?
16
Let l = 21 + 24. Suppose 3*c - 45 = -5*n, 4*n - 2*c + 6*c - 44 = 0. Let t = 3 + n. What is the greatest common factor of t and l?
9
Suppose 0 = -0*q + 4*q - 64. Suppose -5*f - 3*f = -q. Suppose -4*z + 7 = 4*v - v, 0 = z - 1. Calculate the highest common divisor of v and f.
1
Suppose 4*u - 66 = -5*m, 60 = m + 3*m + 5*u. Calculate the greatest common divisor of 50 and m.
10
Let a be 6/2 + 6/((-60)/(-970)). Calculate the highest common factor of 40 and a.
20
Suppose -4*s + 665 = 3*s. What is the highest common factor of s and 76?
19
Let q(s) = -s**3 + 37*s**2 - 30*s + 49. Let n be q(36). Calculate the greatest common divisor of 20 and n.
5
Suppose 5*g - 128 = -5*v + 57, -4*v + 108 = -4*g. Let q(n) = n**2 + 9*n + 7. Let h be q(-6). Let u = 21 - h. What is the highest common divisor of v and u?
32
Suppose 86*z + 576 = 98*z. Calculate the highest common factor of 44 and z.
4
Suppose -3*i = -9*i. Suppose 2*r + 3*t - 8 - 63 = i, -4*t = 2*r - 76. What is the highest common divisor of r and 4?
4
Suppose 0 = -7*q + 10 + 102. Calculate the greatest common divisor of q and 5.
1
Suppose 0*w - 12 = -2*w. Let b be ((-192)/(-8))/(w/4). Calculate the highest common factor of b and 40.
8
Let z be 572/3 + (-256)/(-192). Calculate the greatest common divisor of 168 and z.
24
Let t = -18 - -51. Let p be (t/9)/((-2)/(-6)). Calculate the greatest common factor of p and 33.
11
Let a = 84 + 23. Suppose -2*v - 1 = 5. Let j be v + a + -1 + -3. Calculate the highest common factor of j and 25.
25
Let o(x) = -19*x + 637. Let s be o(0). What is the highest common divisor of 13 and s?
13
Let o be (20/(-15)*6/(-4))/1. Suppose -2*r + 1 + 5 = 0. Suppose r - 7 = -4*n. What is the greatest common divisor of o and n?
1
Let x = -76 - -48. Let k = 49 + x. What is the greatest common factor of k and 7?
7
Let u = -74 - -77. Let s be (-6)/(-9) + (-4)/(-3). Let o be 54/8*(s + 2). Calculate the greatest common divisor of u and o.
3
Let t be ((-104)/(-10))/((-1224)/(-135) + -9). What is the greatest common factor of 26 and t?
26
Suppose -204 = -0*u - 2*u. Suppose -c - 22 = -u. What is the greatest common factor of c and 32?
16
Let v be 202/4 - (-6)/4. Suppose -m - v = 3*m. Let f = 2 - m. What is the greatest common factor of 10 and f?
5
Let t = -21 + 39. Suppose 0*a = -4*a + 2*v + 110, 5*a + 2*v - 133 = 0. What is the greatest common factor of t and a?
9
Suppose 3*c = 12 - 3. Suppose c*s = -y - 3*y + 457, 12 = 4*s. What is the highest common divisor of y and 16?
16
Let w be -15*(16/10 + 0 + -4). What is the greatest common factor of 24 and w?
12
Let n = 107 + -197. Let o be ((-54)/n)/((-1)/(-10)). Suppose -4*k - h + 33 = 0, 2*k + 0*h + o = 4*h. Calculate the greatest common factor of k and 28.
7
Let k(f) = -f + 6. Let r be k(0). Suppose 0 = 16*l - 18*l + 4. Calculate the highest common factor of l and r.
2
Let j = 13 + -13. Suppose 15 = -j*o + 5*o. Suppose k - 560 = -o*k. Calculate the greatest common factor of k and 20.
20
Let w = -233 + 413. Calculate the highest common factor of w and 120.
60
Let s(l) = -3*l - 13. Suppose -5*c + 4*b = 3*b + 45, -4*b - 50 = 3*c. Let m be s(c). Calculate the greatest common factor of 1 and m.
1
Let v = 48 + -31. Suppose 32*y = 28*y + 68. What is the highest common divisor of y and v?
17
Let h(j) = -159*j**3 + 2*j**2 + 3*j + 2. Let q be h(-1). Suppose 0 = 5*p - p - 128. Calculate the highest common divisor of q and p.
32
Suppose -2*z + 2*g + 130 = 0, -4*z - 5*g + 220 = -85. What is the highest common factor of z and 50?
10
Let q = -77 - -79. Suppose q*h - 13 = 3. What is the highest common divisor of 20 and h?
4
Let f(y) = y**3 + 3*y**2 + 23*y - 60. Let r be f(4). Calculate the highest common divisor of 396 and r.
36
Let o = -2592 + 3299. Calculate the greatest common divisor of o and 14.
7
Suppose 2*d + 10 = -4*i, -i + 1 = 2*d - 4. Suppose -67 = -6*t + d. What is the greatest common factor of t and 8?
4
Suppose 4*z = 37 + 7. Calculate the highest common divisor of 1133 and z.
11
Let o(r) = 2*r**2 - 2. Let q = -24 + 20. Let c be 1*(4 + q - -2). Let m be o(c). What is the highest common factor of m and 30?
6
Let p = -287 - -323. Calculate the greatest common divisor of p and 48.
12
Suppose 22 = -4*z + z + 5*r, -3*z - 2*r - 29 = 0. Let g be ((-54)/8)/(z/24). Let s = 14 + -8. What is the highest common divisor of s and g?
6
Let g = 40 + -40. Suppose -3*z + 5*p + 157 = 0, g = 2*p + p - 3. Suppose 5*w - 46 = -16. Calculate the highest common factor of z and w.
6
Suppose 0 = -3*c + 4 - 13. Let v be (-4)/(-12) + (-134)/c. Calculate the greatest common divisor of 30 and v.
15
Suppose 0 = -29*m + 28*m + 120. Let f = m + -29. What is the greatest common factor of 13 and f?
13
Let o = 8 + 7. Suppose o = y - 22. Let s = y + -28. What is the highest common divisor of s and 45?
9
Suppose -6 = -2*u + 2. Suppose 5*x + 12 = 4*j, 0 = -5*j - 2*x + u*x + 32. Calculate the highest common factor of 88 and j.
8
Let j(w) = -15*w - 25. Let q(x) = -4*x - 6. Let t(m) = 6*j(m) - 22*q(m). Let v be t(0). Let u = 143 + v. Calculate the highest common factor of u and 25.
25
Suppose 53*z - 51*z = 56. Calculate the greatest common divisor of 2044 and z.
28
Let q = 94 - 0. Calculate the highest common factor of q and 470.
94
Suppose -15 + 30 = 5*c. Suppose 5*m = 2*b + 42, 0*m = -2*m - c*b + 32. Calculate the greatest common factor of 4 and m.
2
Let g be ((-4)/12)/((-1)/33). Suppose 2*a + 637 = 681. What is the greatest common divisor of a and g?
11
Let c(y) = -y**3 - 15*y**2 - 27*y - 1. Let p be c(-13). Suppose p*a - 100 = 7*a. What is the highest common divisor of 30 and a?
10
Let y be (-18)/24 + (-3)/12 - 0. Let b be (((-2)/(-6))/y)/(12/(-468)). Suppose -w - 56 = -147. What is the greatest common divisor of w and b?
13
Let w = -16 - -30. Suppose -14 = -3*o + g, 3*o + 4*g = -10 - 1. Suppose 2*i - 4*q - 86 = -o*i, -2*q = 8. Calculate the greatest common factor of w and i.
14
Let a be 1/3 + 3033/(-27). Let i be a/(-24) - 4/(-3). Suppose -10 = -4*d - i. What is the greatest common factor of d and 11?
1
Let o(x) = -2*x - 1. Let v = -59 + 42. Let r = v + 14. Let s be o(r). What is the highest common factor of s and 20?
5
Let c be (-4)/(-26) - (-10576)/208. Suppose -4*z - c = -83. Calculate the highest common divisor of z and 88.
8
Suppose -157 = -a - x, 4*x + x = -3*a + 463. Let r = -87 + a. What is the greatest common divisor of 111 and r?
37
Suppose -4*t - 1 = 3*s, 3*s + 6*t = 7*t + 19. Suppose 202 = s*h + 5*d + 37, -72 = -2*h - 4*d. What is the greatest common divisor of 15 and h?
15
Suppose 221*i - 222*i = -75. What is the highest common divisor of i and 15?
15
Let g(s) = 14*s**2 - 6*s. Let f be g(2). Let i be -1 - (-8 - -2)*1. Suppose 2*t + 7 = k, -3*k + i*t = -23 - 0. Calculate the greatest common factor of k and f.
11
Suppose -4*t + 3*t = -3. Suppose -4*d + 183 = t*x, 3*d - 2*x = 7*d - 186. What is the highest common divisor of 80 and d?
16
Suppose 6*n - 5*n - 201 = 0. Suppose 9 = 5*o - n. Let b = -2 + 65. What is the highest common divisor of b and o?
21
Let w(o) = -23*o**3 + o**2 - o + 1. Let c be w(-2). Suppose 7*b + c - 947 = 0. What is the greatest common divisor of 27 and b?
27
Suppose -6 = -2*k, -5*q + q = 3*k - 61. Let l(r) = -2*r**3 + 6*r**2 + 6*r + 5. Let y be l(5). Let i = y + 117. What is the highest common divisor of i and q?
13
Suppose 20*o - 7*o = 117. Let r be -2*((-49)/2 - -2). Calculate the highest common factor of r and o.
9
Let r(q) = -9*q + 398. Let j be r(-23). What is the greatest common factor of 11 and j?
11
Let f = -68 + 70. Suppose -f*m = -3*m + 10. Calculate the greatest common divisor of 30 and m.
10
Let u = -946 + 1616. Suppose 3*p = 2*i - i + u, -4*i = 3*p - 680. Calculate the highest common factor of p and 32.
32
Suppose 6*l - 747 = -117. Calculate the greatest common divisor of l and 15.
15
Let s be 7 + (2 - 1) + -3. Suppose -b - 15 = -d - s*b, 4*d = 2*b + 6. Let u be 2 + 1 - -4*d. Calculate the highest common divisor of u and 45.
15
Let q be -2 + (-2 - -4) + 44. Let i = q + -32. Let b be (1 + 1)/2 + 7. What is the highest common factor of b and i?
4
Suppose 0 = -6*m + 2*m + 28. Let a(h) = h**3 - 6*h**2 - 8*h + 9. Let b be a(m). Suppose -2